t the prime factors of d.
17
List the prime factors of (-9)/(-12) + 23676/48.
2, 13, 19
Suppose -5 = -5*z, 5*a + 5*z - 4*z = 11. Suppose 0 = 5*o + x + a*x - 570, -214 = -2*o - 4*x. What are the prime factors of o?
3, 13
What are the prime factors of 52*(-50)/(-30)*33?
2, 5, 11, 13
Let f = 46 + 141. What are the prime factors of f + (-1)/(-4)*0?
11, 17
Let r be 0 - -3 - (-4 + -35). Let t = 165 - r. What are the prime factors of t?
3, 41
Let l be 1*15 - (-7 - -10). Suppose -33 = -5*n + l. Let v = n + 17. List the prime factors of v.
2, 13
Let l be (-1)/2 + (-198)/(-4). Let t = l - -35. What are the prime factors of t?
2, 3, 7
Let h be ((-12)/5)/(6*5/375). List the prime factors of -2*h/8*(-1092)/(-70).
3, 13
Suppose -5*w + 0 = -10, 3*y + 2*w - 100 = 0. Suppose 0*x - 2*z = 3*x + 31, -5*x = 3*z + 51. Let k = y - x. List the prime factors of k.
41
Let u(f) = -f**2 + f + 1. Let z(j) = j**2 - j - 2. Let b(w) = -4*u(w) - 2*z(w). Suppose s - 2*x + 5 = -1, -14 = -3*s - 2*x. What are the prime factors of b(s)?
2
Let t(x) = 8*x**2 - 10*x - 53. What are the prime factors of t(-5)?
197
Let m(j) = 73*j + 28. What are the prime factors of m(7)?
7, 11
Let t be (3/(-6))/((-3)/18). Let x(n) = -6*n**2 - 2*n. Let q be x(t). What are the prime factors of q/(-9)*(-6)/(-5)?
2
Let n be (-1)/(150/(-48) + 3). Suppose n*g - 2426 = -642. List the prime factors of g.
223
Let d = -198 + 312. Suppose -2*q = 2*y - 132, 5*q - d = -4*y + 152. List the prime factors of y.
2
What are the prime factors of ((-39)/65)/(14/(-40))*588?
2, 3, 7
Suppose -2*d = 5*d + 35. List the prime factors of ((-9)/3 + 49)/(7 + d).
23
Let m(f) = f**3 + 25*f**2 - 103*f - 10. List the prime factors of m(-25).
3, 5, 19
Let v be (-7 - -2) + 1 - -10. Let x be (-3)/((0 - 1) + 0). Suppose h + v = x*h. List the prime factors of h.
3
Let r = 2225 + -459. What are the prime factors of r?
2, 883
Suppose 2*n + 18 = n. Let s = 22 + n. Suppose 120 = s*x + 4*w, x - 60 = -x - 4*w. What are the prime factors of x?
2, 3, 5
List the prime factors of 9715/20 + (-2)/(-8).
2, 3
Suppose -13 = -3*l - 3*x - 2*x, 0 = 2*l + 2*x - 10. List the prime factors of l.
2, 3
Suppose -4*n + 9 + 11 = 0. Suppose -4*m = l - 67, 0*l + 5*l = n*m + 210. List the prime factors of l.
47
Suppose -2*g - k + 11 = -2*k, -3*g + k = -17. Suppose l + 2*l = g. What are the prime factors of l?
2
What are the prime factors of (3 + 0)*32490/135?
2, 19
List the prime factors of (-5 - 51/(-9))*-3 + 310.
2, 7, 11
Suppose 4*x = 2*x. Suppose 2*m + 3*v = -x*m + 9, -5*m + 25 = 5*v. List the prime factors of (0 + 39)/(m + -5).
3, 13
Let y = 26 - -36. Suppose -4*t - 78 = -3*d, 12 = 7*t - 3*t. Let j = y - d. List the prime factors of j.
2
Let q(y) = y**3 + 3*y**2 + 2*y. Let t be q(-2). Suppose t = 2*w - 6. Suppose -w*s - 3*j + 126 = 0, -112 + 24 = -2*s - 4*j. List the prime factors of s.
2, 5
List the prime factors of (-10 - 99/(-9))*953.
953
Suppose 6*o - 984 = -6*o. List the prime factors of o.
2, 41
Suppose -5*q + 1 = -9. Let p = q + -2. Suppose 6*a - 3*a - 60 = p. What are the prime factors of a?
2, 5
Let p(l) = -l - 2. Let a = 1 - 5. Let k be p(a). List the prime factors of k/(-4)*1*-62.
31
Let w(o) = -o**2 - 21*o - 31. Let a be w(-19). Suppose a*m = 13*m - 372. List the prime factors of m.
2, 31
List the prime factors of 10/(-20) + 2415/2.
17, 71
Let f(q) = -893*q + 99. What are the prime factors of f(-2)?
5, 13, 29
Let o(i) = 4*i**3 + 2*i**2 - 5*i + 7. Let b be -9 + 14 - (0 - -2). List the prime factors of o(b).
2, 59
Let j(r) = r**2 - r - 1. Let f(d) = -d**3 - 4*d**2 + 8*d + 7. Let i be f(-5). Let h be j(i). Suppose 61 = 4*q - h. List the prime factors of q.
3, 11
Let f = 4 + -2. Suppose 4*d - 4*a = -0*a + 76, -f*a = 4*d - 70. List the prime factors of -20*(d/(-8) + 1).
5
Let j = -25 + 2714. List the prime factors of j.
2689
Suppose 0*q = 27*q - 3159. List the prime factors of q.
3, 13
Let d(s) = -2*s**3 + 5*s**2 - 2*s + 2. Let x be d(2). What are the prime factors of (-4 + (-2)/(-1))*(-11)/x?
11
Suppose 2*a + 18 = 34. Suppose -g = a*g - 189. List the prime factors of g.
3, 7
Suppose 2*s = 5*t - 29367, 5*t + 5*s - 23682 = 5678. List the prime factors of t.
7, 839
Suppose 0 = s + 2*s - 309. Let r = 57 + -115. Let x = s + r. What are the prime factors of x?
3, 5
Let r be 2/(-1) + (-560)/8. Let h = -61 - r. What are the prime factors of h?
11
Suppose -1260 = -r - 6*r. Suppose -7*b = -9*b + r. List the prime factors of b.
2, 3, 5
Let m be 3/1 - (-155 - 2). Suppose 97*w - 96*w = m. List the prime factors of w.
2, 5
Let s(m) = 37*m**3 - 5*m**2 - 10*m - 4. Let b be s(-4). List the prime factors of ((-4)/(-6))/((-8)/b).
3, 67
Let h(o) be the second derivative of -o**4/4 + 10*o**3/3 - 9*o**2/2 - 23*o. What are the prime factors of h(6)?
3
Let w = 2 + 2. Let b = 40 - 28. Suppose f - w + 0 = -t, -4*f - 5*t = -b. What are the prime factors of f?
2
Let x = 16 - 11. Suppose 3*f + 2*d - 17 - 354 = 0, 4*f - 483 = -x*d. List the prime factors of f.
127
Let j(k) = -k**2 + 13*k - 18. Let z be j(11). Suppose p + 3 = -3*u + 51, -u - z*p = -27. What are the prime factors of u?
3, 5
Let f(j) = -3*j - 65. Let s(k) = -10*k - 194. Let h(z) = -7*f(z) + 2*s(z). List the prime factors of h(0).
67
Let h(o) be the first derivative of -157*o**2/2 - 2*o - 11. Let y be h(-2). Suppose 0 = -c + 7*c - y. List the prime factors of c.
2, 13
Let o(h) = 47*h - 24. List the prime factors of o(7).
5, 61
List the prime factors of 4200/1 + (11 - 10).
4201
Suppose 3 = -j - 2*l, 0 = -4*j + 3*l + 2*l + 40. List the prime factors of j - 5 - (-1 - (-2 + 151)).
2, 3, 5
Let y be (1/(-2) + -1)*240/12. Let g = 49 + y. What are the prime factors of g?
19
Let k(a) = 6*a**2 - 15*a + 30. What are the prime factors of k(10)?
2, 3, 5
Let g(s) = -s**3 + 48*s**2 + 12*s - 299. List the prime factors of g(46).
3, 5, 13, 23
Suppose 0 = -5*m + 3*y + 3, -3*y = m - 4*m - 3. Suppose 0 = -m*v + 424 + 23. List the prime factors of v.
149
Suppose -3*p + 5*q = -2116, p - 710 = -2*q + 6*q. What are the prime factors of p?
2, 3, 13
Let y = 1 + 4. Suppose 3*h - 29 = y*x, 2*x = 7*x + h + 17. List the prime factors of (-249)/(-12) + x/(-16).
3, 7
Let y(d) = -3*d**3 - 3*d**2 + 5*d - 9. List the prime factors of y(-8).
5, 7, 37
Let a(c) = -c**2 - 7*c - 6. Let v be a(-6). Suppose 4*o - 4 + 12 = v, 3*o = 3*l - 177. List the prime factors of l.
3, 19
Let p = -119 - -122. List the prime factors of (p/6*52)/2 - 1.
2, 3
Let u(i) = -5*i - 11. Let m be u(4). Let d = m - -53. List the prime factors of d.
2, 11
List the prime factors of -456*(-7)/((-56)/(-6)).
2, 3, 19
Suppose -3*z - 4*h = -2792, 5*z + h - 4662 = 3*h. Suppose 2*m = -2*f + 618, 3*m - 3*f + f - z = 0. List the prime factors of m.
2, 5, 31
Let r(f) = 46*f - 66. What are the prime factors of r(16)?
2, 5, 67
Suppose 0 = -208*b + 202*b + 2736. What are the prime factors of b?
2, 3, 19
Suppose -4*k + 59 = 75. Let c(q) = -q**3 - 2*q**2 - 8*q - 5. List the prime factors of c(k).
59
Let o(n) = 4*n - 18. Let w be o(4). Let d(s) = -58*s + 14. List the prime factors of d(w).
2, 5, 13
Suppose -3*u = -2*s - 499 - 919, -1900 = -4*u + 5*s. List the prime factors of u.
2, 5, 47
Let d = 6609 + -1280. What are the prime factors of d?
73
Suppose 54*i - 23011 - 33905 = 0. What are the prime factors of i?
2, 17, 31
Let q(b) = -296*b**3 - 4*b**2 + 12*b + 33. List the prime factors of q(-2).
3, 787
Let o = 45 + -41. Suppose o*m - m = 147. What are the prime factors of m?
7
Let r(f) = -f - 4 + 5 + 0. Let q be r(-3). Suppose -4*z + 73 = -5*i, -q*z = z - 5*i - 95. What are the prime factors of z?
2, 11
Let f = -118 - -832. List the prime factors of f.
2, 3, 7, 17
Let v(u) = u**3 + u**2. Let z(b) = -7*b**3 + 4*b - 7. Let c(d) = 6*v(d) + z(d). What are the prime factors of c(6)?
17
Suppose -41*p + 45*p = 3*m + 372, -5*p + 438 = 3*m. List the prime factors of p.
2, 3, 5
List the prime factors of (854/(-4))/(18/(-108)).
3, 7, 61
Suppose z - 32 = -2*z - d, z = d + 16. Suppose -b + 30 = -z. What are the prime factors of b?
2, 3, 7
Suppose -8*w - 5*w = -14404. List the prime factors of w.
2, 277
Let h be 0 - 15/3*-2. Suppose m - h = 9. Suppose -v + m = -0. List the prime factors of v.
19
Suppose 0 = r - 242 - 315. Suppose 4*b + 5*c = r, 2*b + 2*c - 276 = -0*c. What are the prime factors of b?
7, 19
Let n(b)